prime factors of t.
2, 31, 163
Suppose -39*y - 55858 = -198832. List the prime factors of y.
2, 3, 13, 47
Let n(z) = 475*z - 6907. List the prime factors of n(57).
2, 2521
Suppose -110*k + 324007 = -1041664 + 244991. List the prime factors of k.
2, 3, 283
Let a(m) = 6*m**2 - 15*m + 21. Let c(x) = 11*x**2 - 29*x + 42. Let n(h) = -5*a(h) + 3*c(h). Let w be n(8). Let r = 167 - w. List the prime factors of r.
2, 5
Let i = -270 + 389. Let x = -122 + i. List the prime factors of (33/x)/(2 - 20/8).
2, 11
Suppose -5*v + 5*l - 360 = -0*l, 5*v + 2*l + 339 = 0. Let a = v - -73. Suppose -a*h = -473 - 219. List the prime factors of h.
173
Let y be 4/(-34) - 14/(-119). Let w(k) = k**2 - 9*k + 367. What are the prime factors of w(y)?
367
Let z be (10/(-3))/(48/(-3816)). Let q be (-86)/((-7)/6 + (-18)/(-27)). Let k = z - q. List the prime factors of k.
3, 31
Suppose 2*a = -a + 5*b + 20652, -5*b = -4*a + 27541. Suppose 3*j - 1168 = 5*k - a, -2*j = -k + 1140. List the prime factors of k.
2, 3, 191
Suppose -347*j + 81*j = -1142736. List the prime factors of j.
2, 3, 179
Let w be (-2 + 1)*-3*1. Suppose 0 = w*z + 63 - 321. List the prime factors of z.
2, 43
Suppose -m = -f - 8, 6*f - 2*f = m - 17. Suppose -m - 25 = -d. Suppose 109 = 2*l + 3*k + d, 220 = 5*l + 3*k. List the prime factors of l.
47
Let v(a) = 2*a**2 + a + 187. Let y be v(0). Suppose 76 = 2*f + s, 0 = -5*f - s - 3*s + y. Suppose -f = -2*q - 1. What are the prime factors of q?
19
Suppose 40710 + 10419 = 13*h. What are the prime factors of h?
3, 19, 23
Suppose 0 = 3*u - 2*y - 190 - 95, 5*u - y - 482 = 0. Suppose -q + 2*i = -97, q - u = -0*q - i. List the prime factors of q.
97
Let c = -21 - -220. Let q = -320 + c. Let l = 243 + q. What are the prime factors of l?
2, 61
Let t(p) = -2*p + 18. Let b be (-50)/(-8) - 2/8. Let d be t(b). List the prime factors of d - (-20)/(-5) - -4.
2, 3
Let a = -57 + 43. Let l = 19 + a. Suppose -2*p = -h + 52, h - l*p = -3*h + 199. List the prime factors of h.
2, 23
Let f be ((-85)/(-10))/(1/(-54)). What are the prime factors of (-1 + (-50)/6)/(204/f)?
3, 7
Let k(c) = 1806*c - 232. List the prime factors of k(5).
2, 53, 83
Let g(r) = 2*r**3 + 2*r**2 + 11*r + 6. List the prime factors of g(19).
3, 5, 977
Suppose 1206 = q - 5*b, 6*q - 4*b - 2418 = 4*q. Suppose 4*y + y - q = -3*s, -5*y - 774 = -2*s. What are the prime factors of s?
397
What are the prime factors of ((-176858)/(-6))/((-55)/(-165))?
11, 8039
Let s(p) = p**3 + 6*p**2 - 16*p + 16. Let n be s(-8). Suppose -4*l - n + 4 = 0, 5*r + 4*l - 7473 = 0. What are the prime factors of r?
3, 499
Let m(z) = z**2 - 53*z + 156. List the prime factors of m(-46).
2, 3, 5, 157
Let t(y) = 173*y**2 + 13*y - 53. List the prime factors of t(5).
4337
Suppose 5 + 3 = 2*r. Let z(s) = -s**2 - 94*s - 1451. Let q be z(-70). Suppose -q = r*l + 4*m - 661, -m - 516 = -5*l. What are the prime factors of l?
2, 13
Let v = -40 - -91. Let x = v + -46. Suppose -242 = -4*q + x*p, -q - 172 = -4*q - p. List the prime factors of q.
2, 29
Let n(p) = -p**2 - 6*p + 5. Let t be n(-6). Suppose 4*g - 12 = x, 2*x + t*g = -2*x + 15. Suppose x*v + 91 = v. List the prime factors of v.
7, 13
Suppose 3*n + 38 = -37. Let t(a) = -5*a + 176. List the prime factors of t(n).
7, 43
Let w(t) = -t**2 - 36*t - 124. Let x be w(-32). Suppose -7*u = -4*l - 10*u + 1267, 1282 = x*l - 2*u. List the prime factors of l.
11, 29
Let c(m) = -8*m**2 - 26*m - 17. Let o(h) = 3*h**2 + 9*h + 6. Let t be 36/(2 - -1) + 5. Let q(r) = t*o(r) + 6*c(r). What are the prime factors of q(-4)?
2, 3, 5
Suppose 4*i - 10 = 2*o, 4*i + 0*o + 20 = -4*o. Suppose i*j = -j - 23. Let d = j - -39. What are the prime factors of d?
2
Suppose 2421 = 2*f - 5*k, 7*k = 3*f + 2*k - 3619. What are the prime factors of f?
2, 599
Suppose -5*m - 15967 + 175297 = 0. Suppose 54*g = m - 8862. List the prime factors of g.
2, 3, 71
Let d = 9000 + -2588. What are the prime factors of d?
2, 7, 229
What are the prime factors of (-4067)/2*712/(-623)?
2, 7, 83
Let x = -22728 + 32116. What are the prime factors of x?
2, 2347
Let z(l) = 552*l - 9717. What are the prime factors of z(117)?
3, 18289
Suppose 2*p - 13 = -3*w + 7, -5*p = -5*w. Suppose p*h - b - 798 = 0, 5*h + b + 3*b - 1008 = 0. List the prime factors of h.
2, 5
Let n(g) be the third derivative of 29*g**4/24 + 95*g**3/6 + 22*g**2 + 2. List the prime factors of n(14).
3, 167
Let o(l) = l - 36. Let g be o(0). Let v be ((-24)/g)/(1/18). Suppose -5*z + 917 - v = 0. What are the prime factors of z?
181
Let b be ((-8)/5)/(2/70*7). Let y be 7/(-2)*(-16 - b). Suppose 0 = 31*x - y*x - 480. List the prime factors of x.
2, 5
Let k(b) = b**3 + 14*b**2 - 5. Suppose 9*r = -d + 6*r - 11, 0 = 3*d + r + 41. Let j be k(d). Let u(v) = -2*v**3 + 12*v - 1. List the prime factors of u(j).
3, 7
Let v(n) = 172*n + 11. Let y = 213 + -211. List the prime factors of v(y).
5, 71
List the prime factors of (((-20946)/12)/(-1))/(2/24).
2, 3, 3491
Let b = -3449 + 6178. Suppose -2377 = -6*j + b. List the prime factors of j.
23, 37
Let h(o) = o**3 + 6*o**2 - 6*o + 13. Suppose 2*g + 2 = 0, -5*i - g = g + 37. Let v be h(i). Let u = 90 + v. What are the prime factors of u?
2, 3
Let q = 1924 + -961. Suppose 5*m + 3*h - 1281 = m, -3*m - 3*h = -q. List the prime factors of m.
2, 3, 53
Let h(t) = -3*t**3 - t**2 + 4*t + 1. Let n be h(3). What are the prime factors of (6 - 16310/n) + (-2)/(-11)?
2, 109
Let n(l) be the first derivative of 10*l**3/3 - 22. Let b be n(-1). Let c(u) = u**2 - u + 12. What are the prime factors of c(b)?
2, 3, 17
Let z = -36 - 6. Let i = 48 + z. Suppose -d + 38 + i = 0. What are the prime factors of d?
2, 11
Let l be 2/(-10) - 5/((-100)/144). Let o be (-1 + (24 - 3))*(2 + l). Let x = 275 - o. What are the prime factors of x?
5, 19
Suppose 0 = -2*d + 1256*v - 1252*v + 36402, -36393 = -2*d + v. What are the prime factors of d?
3, 5, 1213
Let m(z) = z - 9. Suppose 0 = 4*r - 0*o - o - 30, -4*r + 32 = -2*o. Let v(d) = -d**3 + 7*d**2 + d + 13. Let s be v(r). List the prime factors of m(s).
11
Let a = 65 + -47. Let r = a - 92. Let t = 49 - r. List the prime factors of t.
3, 41
Let u = -26 + 32. Let t(g) = 19*g - 12. Let r(i) = 39*i - 23. Let j(o) = -2*r(o) + 5*t(o). List the prime factors of j(u).
2, 11
What are the prime factors of (-288)/96 + (5329 + 2 - 1)?
7, 761
Suppose 3*s + 54 = 6*s. Let a be s/4*26/39. Suppose -a*x + 180 = -2*f, -4*x - 3*f + 71 = -3*x. List the prime factors of x.
2, 31
Let m(l) = -8*l + 79. Let i be m(11). What are the prime factors of (-6)/12*10 - i?
2
What are the prime factors of -1*(-3029521)/66 + (2 - 44/24)?
2, 59, 389
Suppose 5*j + 3 = -3*a + 9, -3*j - 9 = 0. Suppose a = 5*x + 22. List the prime factors of 1*(2 - -25 - x).
2, 3, 5
Suppose 0 = -5*r - 3*t - 21, -5*r - 24 = -0*t + 2*t. Suppose -3*m + d = -38, -9*d = -5*m - 5*d + 68. List the prime factors of 152 - 3 - m/r.
151
Let l = -2301 - -18400. What are the prime factors of l?
17, 947
What are the prime factors of (-15878565)/(-450) - (-30)/100?
2, 3, 5881
Let l = -10719 - -20227. What are the prime factors of l?
2, 2377
Suppose 15*d - 13*d = 6. List the prime factors of d - (-4 + 4 + -176).
179
Let q(k) = 4*k - 9*k + 71*k**2 - 11 + 17 - 28*k**2 + 6. List the prime factors of q(5).
2, 3, 59
Let t be 4 - ((-3)/(-4))/(8/(-32)). Suppose -4*f + 790 = 2*v, 2*v + 17 - t = 0. List the prime factors of f.
2, 5
Let j = 19566 - -12891. List the prime factors of j.
3, 31, 349
Let l(w) = 4*w + 49. Let m be l(-13). Let n(f) = -f**3 + 5*f**2 + f + 4. List the prime factors of n(m).
73
Let i = 13 - 1. Let l be (2 - i)/(-3 + 1). Suppose -2*v = 3*q - 151, -l*q - 3 = 2. What are the prime factors of v?
7, 11
What are the prime factors of (-80847539)/(-1503) - (2 + 20/(-9))?
53791
Let p = 651 + -651. Suppose p = 3*d + 3*l - 1380, 2*l - 23 + 19 = 0. List the prime factors of d.
2, 229
Let l(s) = s**2 + 29*s - 89. Let d be l(-32). List the prime factors of (-1818)/4*-2 - d.
2, 11, 41
Suppose f - 4*f - c + 197 = 0, -4*c + 51 = f. Let z be 44/10 + (-4)/10. Let r = f + z. List the prime factors of r.
71
Let i(h) = 8*h**2 + 5*h + 4. Let j(x) be the third derivative of x**6/20 - x**5/60 + x**3/6 - 34*x**2. Let s be j(-1). List the prime factors of i(s).
2, 131
Let b = -8212 - -24709. List the prime factors of b.
3, 13, 47
Let j = -5